ndreds digit of 10652?
6
What is the tens digit of 570?
7
What is the hundreds digit of 10413?
4
What is the tens digit of 132682?
8
What is the thousands digit of 3994?
3
What is the hundreds digit of 4961?
9
What is the hundred thousands digit of 152645?
1
What is the units digit of 28609?
9
What is the units digit of 930?
0
What is the hundreds digit of 426?
4
What is the thousands digit of 9145?
9
What is the units digit of 11500?
0
What is the hundreds digit of 20580?
5
What is the hundreds digit of 3421?
4
What is the hundreds digit of 58021?
0
What is the thousands digit of 6377?
6
What is the hundreds digit of 3198?
1
What is the hundreds digit of 157?
1
What is the tens digit of 1823?
2
What is the hundreds digit of 22748?
7
What is the hundreds digit of 1792?
7
What is the tens digit of 69088?
8
What is the thousands digit of 2102?
2
What is the units digit of 175819?
9
What is the tens digit of 78184?
8
What is the hundreds digit of 483?
4
What is the hundreds digit of 105?
1
What is the hundreds digit of 902?
9
What is the units digit of 885?
5
What is the tens digit of 12363?
6
What is the tens digit of 53678?
7
What is the ten thousands digit of 77816?
7
What is the hundreds digit of 2001?
0
What is the hundreds digit of 879?
8
What is the thousands digit of 9693?
9
What is the thousands digit of 33409?
3
What is the tens digit of 84120?
2
What is the units digit of 1004?
4
What is the units digit of 1804?
4
What is the tens digit of 47066?
6
What is the ten thousands digit of 143267?
4
What is the hundreds digit of 63120?
1
What is the thousands digit of 1987?
1
What is the units digit of 522?
2
What is the hundreds digit of 30291?
2
What is the units digit of 51036?
6
What is the tens digit of 423?
2
What is the tens digit of 380?
8
What is the units digit of 6674?
4
What is the units digit of 2216?
6
What is the tens digit of 1705?
0
What is the thousands digit of 2169?
2
What is the units digit of 446?
6
What is the tens digit of 94544?
4
What is the tens digit of 36262?
6
What is the units digit of 5700?
0
What is the tens digit of 102?
0
What is the hundreds digit of 753?
7
What is the units digit of 4643?
3
What is the units digit of 690?
0
What is the units digit of 2579?
9
What is the tens digit of 42896?
9
What is the hundreds digit of 1635?
6
What is the hundreds digit of 41550?
5
What is the hundred thousands digit of 135937?
1
What is the tens digit of 116530?
3
What is the ten thousands digit of 47062?
4
What is the hundreds digit of 500?
5
What is the thousands digit of 24757?
4
What is the ten thousands digit of 27623?
2
What is the tens digit of 25527?
2
What is the units digit of 1070?
0
What is the units digit of 13597?
7
What is the units digit of 933?
3
What is the units digit of 9001?
1
What is the thousands digit of 1036?
1
What is the units digit of 1223?
3
What is the thousands digit of 13612?
3
What is the ten thousands digit of 10612?
1
What is the units digit of 40?
0
What is the tens digit of 871?
7
What is the units digit of 888?
8
What is the units digit of 1712?
2
What is the thousands digit of 5722?
5
What is the tens digit of 1601?
0
What is the hundreds digit of 101907?
9
What is the hundreds digit of 17925?
9
What is the units digit of 7401?
1
What is the tens digit of 1200?
0
What is the tens digit of 8461?
6
What is the units digit of 6858?
8
What is the units digit of 1001?
1
What is the units digit of 3724?
4
What is the thousands digit of 73222?
3
What is the thousands digit of 33659?
3
What is the units digit of 4265?
5
What is the tens digit of 5663?
6
What is the units digit of 686?
6
What is the tens digit of 34459?
5
What is the hundreds digit of 1757?
7
What is the tens digit of 130?
3
What is the hundreds digit of 18624?
6
What is the tens digit of 105?
0
What is the hundreds digit of 3039?
0
What is the tens digit of 2436?
3
What is the units digit of 58436?
6
What is the units digit of 1092?
2
What is the hundreds digit of 9858?
8
What is the thousands digit of 1638?
1
What is the thousands digit of 2705?
2
What is the thousands digit of 6457?
6
What is the units digit of 33099?
9
What is the units digit of 3682?
2
What is the units digit of 2264?
4
What is the tens digit of 8044?
4
What is the hundreds digit of 2110?
1
What is the hundreds digit of 9025?
0
What is the tens digit of 6924?
2
What is the hundreds digit of 194?
1
What is the hundreds digit of 75614?
6
What is the tens digit of 557?
5
What is the tens digit of 2905?
0
What is the ten thousands digit of 65131?
6
What is the thousands digit of 1234?
1
What is the hundreds digit of 4325?
3
What is the thousands digit of 7778?
7
What is the hundreds digit of 47090?
0
What is the ten thousands digit of 82548?
8
What is the tens digit of 1306?
0
What is the units digit of 39376?
6
What is the ten thousands digit of 73254?
7
What is the ten thousands digit of 74768?
7
What is the ten thousands digit of 10331?
1
What is the thousands digit of 2094?
2
What is the units digit of 37325?
5
What is the hundreds digit of 64427?
4
What is the tens digit of 125?
2
What is the units digit of 47?
7
What is the units digit of 5743?
3
What is the thousands digit of 2333?
2
What is the hundreds digit of 1833?
8
What is the thousands digit of 1456?
1
What is the thousands digit of 120070?
0
What is the units digit of 23092?
2
What is the hundreds digit of 5757?
7
What is the tens digit of 11402?
0
What is the units digit of 15842?
2
What is the tens digit of 5760?
6
What is the hundreds digit of 243?
2
What is the hundreds digit of 117363?
3
What is the ten thousands digit of 11727?
1
What is the tens digit of 22203?
0
What is the tens digit of 2143?
4
What is the ten thousands digit of 43053?
4
What is the tens digit of 29?
2
What is the units digit of 661?
1
What is the units digit of 2819?
9
What is the tens digit of 18278?
7
What is the thousands digit of 45025?
5
What is the units digit of 66?
6
What is the tens digit of 20939?
3
What is the thousands digit of 5771?
5
What is the thousands digit of 2748?
2
What is the hundreds digit of 335?
3
What is the units digit of 1084?
4
What is the units digit of 1021?
1
What is the hundreds digit of 144534?
5
What is the tens digit of 23835?
3
What is the thousands digit of 7675?
7
What is the hundreds digit of 9975?
9
What is the tens digit of 551?
5
What is the tens digit of 652?
5
What is the hundreds digit of 313?
3
What is the hundreds digit of 104268?
2
What is the hundreds digit of 346?
3
What is the thousands digit of 16768?
6
What is the hundreds digit of 9046?
0
What is the hundreds digit of 1154?
1
What is the units digit of 8350?
0
What is the tens digit of 48446?
4
What is the tens digit of 166556?
5
What is the tens digit of 27915?
1
What is the thousands digit of 11118?
1
What is the hundreds digit of 7239?
2
What is the hundreds digit of 1208?
2
What is the hundreds digit of 2393?
3
What is the tens digit of 25850?
5
What is the units digit of 1313?
3
What is the units digit of 3969?
9
What is the units digit of 2734?
4
What is the hundreds digit of 69736?
7
What is the thousands digit of 22149?
2
What is the units digit of 772?
2
What is the thousands digit of 1903?
1
What is the hundreds digit of 21800?
8
What is the hundreds digit of 748?
7
What is the tens digit of 73437?
3
What is the thousands digit of 6849?
6
What is the tens digit of 63144?
4
What is the units digit of 3128?
8
What is the units digit of 14316?
6
What is the thousands digit of 1009?
1
What is the tens digit of 7576?
7
What is the hundreds digit of 1102?
1
What is the units digit of 647?
7
What is the hundreds digit of 349?
3
What is the tens digit of 461?
6
What is the units digit of 30861?
1
What is the units digit of 107296?
6
What is the tens digit of 724?
2
What is the units digit of 104320?
0
What is the hundreds digit of 989?
9
What is the hundreds digit of 23103?
1
What is the tens digit of 1413?
1
What is the tens digit of 7018?
1
What is the hundreds digit of 9349?
3
What is the tens digit of 6308?
0
What is the units digit of 6023?
3
What is the units digit of 389?
9
What is the thousands digit of 47201?
7
What is the ten thousands digit of 38313?
3
What is the ten thousands digit of 28121